{"id":66,"date":"2011-12-22T16:17:00","date_gmt":"2011-12-22T22:17:00","guid":{"rendered":"http:\/\/www.konzeppt.com\/blog\/?page_id=66"},"modified":"2019-11-12T15:38:54","modified_gmt":"2019-11-12T21:38:54","slug":"que-es-konzeppt","status":"publish","type":"page","link":"https:\/\/www.konzeppt.com\/blog\/que-es-konzeppt\/","title":{"rendered":"\u00bfQu\u00e9 es Konzeppt?"},"content":{"rendered":"<p>Somos una agencia de Marketing Interactivo, amantes de la publicidad y de la informaci\u00f3n; por eso decidimos crear un espacio para compartir las maravillas de la publicidad y el mejor contenido que se encuentra en la red.<\/p>\n<p>Nuestra filosof\u00eda es muy sencilla; consiste en alcanzar los objetivos que las empresas se han propuesto y que los resultados en internet sean visibles. Esto lo logramos a trav\u00e9s de estrategias enfocadas, que nos permiten entender \u00a0a la marca y las necesidades del consumidor para convertirlo en una experiencia.<\/p>\n<p>El dise\u00f1o, la est\u00e9tica y la innovaci\u00f3n son importantes para nosotros; por lo tanto, la estrategia es s\u00f3lo el principio de lo que podemos hacer.<\/p>\n","protected":false},"excerpt":{"rendered":"<p>Somos una agencia de Marketing Interactivo, amantes de la publicidad y de la informaci\u00f3n; por eso decidimos crear un espacio para compartir las maravillas de la publicidad y el mejor contenido que se encuentra en la red. Nuestra filosof\u00eda es muy sencilla; consiste en alcanzar los objetivos que las empresas se han propuesto y que los resultados en internet sean visibles. Esto lo logramos a trav\u00e9s de estrategias enfocadas, que nos permiten entender \u00a0a la marca y las necesidades del consumidor para convertirlo en una experiencia. El dise\u00f1o, la est\u00e9tica y la innovaci\u00f3n son importantes para nosotros; por lo tanto, la estrategia es s\u00f3lo el principio de lo que podemos hacer.<\/p>\n","protected":false},"author":35,"featured_media":0,"parent":0,"menu_order":0,"comment_status":"closed","ping_status":"open","template":"","meta":[],"yoast_head":"<!-- This site is optimized with the Yoast SEO plugin v20.1 - https:\/\/yoast.com\/wordpress\/plugins\/seo\/ -->\n<title>\u00bfQu\u00e9 es Konzeppt? - Konzeppt.com<\/title>\n<meta name=\"robots\" content=\"index, follow, max-snippet:-1, max-image-preview:large, max-video-preview:-1\" \/>\n<link rel=\"canonical\" href=\"https:\/\/www.konzeppt.com\/blog\/pagina-ejemplo__trashed\/que-es-konzeppt\/\" \/>\n<meta property=\"og:locale\" content=\"es_ES\" \/>\n<meta property=\"og:type\" content=\"article\" \/>\n<meta property=\"og:title\" content=\"\u00bfQu\u00e9 es Konzeppt? - Konzeppt.com\" \/>\n<meta property=\"og:description\" content=\"Somos una agencia de Marketing Interactivo, amantes de la publicidad y de la informaci\u00f3n; por eso decidimos crear un espacio para compartir las maravillas de la publicidad y el mejor contenido que se encuentra en la red. Nuestra filosof\u00eda es muy sencilla; consiste en alcanzar los objetivos que las empresas se han propuesto y que los resultados en internet sean visibles. Esto lo logramos a trav\u00e9s de estrategias enfocadas, que nos permiten entender \u00a0a la marca y las necesidades del consumidor para convertirlo en una experiencia. El dise\u00f1o, la est\u00e9tica y la innovaci\u00f3n son importantes para nosotros; por lo tanto, la estrategia es s\u00f3lo el principio de lo que podemos hacer.\" \/>\n<meta property=\"og:url\" content=\"https:\/\/www.konzeppt.com\/blog\/pagina-ejemplo__trashed\/que-es-konzeppt\/\" \/>\n<meta property=\"og:site_name\" content=\"Konzeppt.com\" \/>\n<meta property=\"article:modified_time\" content=\"2019-11-12T21:38:54+00:00\" \/>\n<meta name=\"twitter:card\" content=\"summary_large_image\" \/>\n<meta name=\"twitter:label1\" content=\"Tiempo de lectura\" \/>\n\t<meta name=\"twitter:data1\" content=\"1 minuto\" \/>\n<script type=\"application\/ld+json\" class=\"yoast-schema-graph\">{\"@context\":\"https:\/\/schema.org\",\"@graph\":[{\"@type\":\"WebPage\",\"@id\":\"https:\/\/www.konzeppt.com\/blog\/pagina-ejemplo__trashed\/que-es-konzeppt\/\",\"url\":\"https:\/\/www.konzeppt.com\/blog\/pagina-ejemplo__trashed\/que-es-konzeppt\/\",\"name\":\"\u00bfQu\u00e9 es Konzeppt? - Konzeppt.com\",\"isPartOf\":{\"@id\":\"https:\/\/www.konzeppt.com\/blog\/#website\"},\"datePublished\":\"2011-12-22T22:17:00+00:00\",\"dateModified\":\"2019-11-12T21:38:54+00:00\",\"breadcrumb\":{\"@id\":\"https:\/\/www.konzeppt.com\/blog\/pagina-ejemplo__trashed\/que-es-konzeppt\/#breadcrumb\"},\"inLanguage\":\"es\",\"potentialAction\":[{\"@type\":\"ReadAction\",\"target\":[\"https:\/\/www.konzeppt.com\/blog\/pagina-ejemplo__trashed\/que-es-konzeppt\/\"]}]},{\"@type\":\"BreadcrumbList\",\"@id\":\"https:\/\/www.konzeppt.com\/blog\/pagina-ejemplo__trashed\/que-es-konzeppt\/#breadcrumb\",\"itemListElement\":[{\"@type\":\"ListItem\",\"position\":1,\"name\":\"Portada\",\"item\":\"https:\/\/www.konzeppt.com\/blog\/\"},{\"@type\":\"ListItem\",\"position\":2,\"name\":\"\u00bfQu\u00e9 es Konzeppt?\"}]},{\"@type\":\"WebSite\",\"@id\":\"https:\/\/www.konzeppt.com\/blog\/#website\",\"url\":\"https:\/\/www.konzeppt.com\/blog\/\",\"name\":\"Konzeppt.com\",\"description\":\"Konzeppt: Agencia de Inbound Marketing\",\"potentialAction\":[{\"@type\":\"SearchAction\",\"target\":{\"@type\":\"EntryPoint\",\"urlTemplate\":\"https:\/\/www.konzeppt.com\/blog\/?s={search_term_string}\"},\"query-input\":\"required name=search_term_string\"}],\"inLanguage\":\"es\"}]}<\/script>\n<!-- \/ Yoast SEO plugin. -->","yoast_head_json":{"title":"\u00bfQu\u00e9 es Konzeppt? - Konzeppt.com","robots":{"index":"index","follow":"follow","max-snippet":"max-snippet:-1","max-image-preview":"max-image-preview:large","max-video-preview":"max-video-preview:-1"},"canonical":"https:\/\/www.konzeppt.com\/blog\/pagina-ejemplo__trashed\/que-es-konzeppt\/","og_locale":"es_ES","og_type":"article","og_title":"\u00bfQu\u00e9 es Konzeppt? - Konzeppt.com","og_description":"Somos una agencia de Marketing Interactivo, amantes de la publicidad y de la informaci\u00f3n; por eso decidimos crear un espacio para compartir las maravillas de la publicidad y el mejor contenido que se encuentra en la red. Nuestra filosof\u00eda es muy sencilla; consiste en alcanzar los objetivos que las empresas se han propuesto y que los resultados en internet sean visibles. Esto lo logramos a trav\u00e9s de estrategias enfocadas, que nos permiten entender \u00a0a la marca y las necesidades del consumidor para convertirlo en una experiencia. El dise\u00f1o, la est\u00e9tica y la innovaci\u00f3n son importantes para nosotros; por lo tanto, la estrategia es s\u00f3lo el principio de lo que podemos hacer.","og_url":"https:\/\/www.konzeppt.com\/blog\/pagina-ejemplo__trashed\/que-es-konzeppt\/","og_site_name":"Konzeppt.com","article_modified_time":"2019-11-12T21:38:54+00:00","twitter_card":"summary_large_image","twitter_misc":{"Tiempo de lectura":"1 minuto"},"schema":{"@context":"https:\/\/schema.org","@graph":[{"@type":"WebPage","@id":"https:\/\/www.konzeppt.com\/blog\/pagina-ejemplo__trashed\/que-es-konzeppt\/","url":"https:\/\/www.konzeppt.com\/blog\/pagina-ejemplo__trashed\/que-es-konzeppt\/","name":"\u00bfQu\u00e9 es Konzeppt? - Konzeppt.com","isPartOf":{"@id":"https:\/\/www.konzeppt.com\/blog\/#website"},"datePublished":"2011-12-22T22:17:00+00:00","dateModified":"2019-11-12T21:38:54+00:00","breadcrumb":{"@id":"https:\/\/www.konzeppt.com\/blog\/pagina-ejemplo__trashed\/que-es-konzeppt\/#breadcrumb"},"inLanguage":"es","potentialAction":[{"@type":"ReadAction","target":["https:\/\/www.konzeppt.com\/blog\/pagina-ejemplo__trashed\/que-es-konzeppt\/"]}]},{"@type":"BreadcrumbList","@id":"https:\/\/www.konzeppt.com\/blog\/pagina-ejemplo__trashed\/que-es-konzeppt\/#breadcrumb","itemListElement":[{"@type":"ListItem","position":1,"name":"Portada","item":"https:\/\/www.konzeppt.com\/blog\/"},{"@type":"ListItem","position":2,"name":"\u00bfQu\u00e9 es Konzeppt?"}]},{"@type":"WebSite","@id":"https:\/\/www.konzeppt.com\/blog\/#website","url":"https:\/\/www.konzeppt.com\/blog\/","name":"Konzeppt.com","description":"Konzeppt: Agencia de Inbound Marketing","potentialAction":[{"@type":"SearchAction","target":{"@type":"EntryPoint","urlTemplate":"https:\/\/www.konzeppt.com\/blog\/?s={search_term_string}"},"query-input":"required name=search_term_string"}],"inLanguage":"es"}]}},"_links":{"self":[{"href":"https:\/\/www.konzeppt.com\/blog\/wp-json\/wp\/v2\/pages\/66"}],"collection":[{"href":"https:\/\/www.konzeppt.com\/blog\/wp-json\/wp\/v2\/pages"}],"about":[{"href":"https:\/\/www.konzeppt.com\/blog\/wp-json\/wp\/v2\/types\/page"}],"author":[{"embeddable":true,"href":"https:\/\/www.konzeppt.com\/blog\/wp-json\/wp\/v2\/users\/35"}],"replies":[{"embeddable":true,"href":"https:\/\/www.konzeppt.com\/blog\/wp-json\/wp\/v2\/comments?post=66"}],"version-history":[{"count":4,"href":"https:\/\/www.konzeppt.com\/blog\/wp-json\/wp\/v2\/pages\/66\/revisions"}],"predecessor-version":[{"id":3555,"href":"https:\/\/www.konzeppt.com\/blog\/wp-json\/wp\/v2\/pages\/66\/revisions\/3555"}],"wp:attachment":[{"href":"https:\/\/www.konzeppt.com\/blog\/wp-json\/wp\/v2\/media?parent=66"}],"curies":[{"name":"wp","href":"https:\/\/api.w.org\/{rel}","templated":true}]}}